0
Calculate (-2 - -18) + (15 - 101 - -89).
19
What is the value of (-3 + 4 - (1 - (26 - -2))) + (219 - 226)?
21
3 + -36 + 29 - (-1 + (-2 - -24))
-25
What is the value of 10 - (56 + 74 + -41 + -21)?
-58
8 + 0 - (-6 - (-4 + 13 - (-4 - 29)))
56
What is the value of (-1802 - -1715) + (19 - -1) + -2?
-69
Calculate 0 - -35 - (-114 + 8 + 51 - -36).
54
What is 61 - -46 - 88 - 44?
-25
Calculate 28 + (1 - (6 - (7 - 1) - -6)).
23
What is -11 + 26 + -13 + (-19 - -1) - 74?
-90
What is the value of 44 - (91 - (21 + -10))?
-36
Evaluate (-60 - -106 - 43) + -100 + 1 + 1 + 1.
-94
What is (14 - -2) + (-9 - (10 - 5)) + (18 - 7)?
13
Calculate -1 + 3 + -10 + (-8 + 1 - (1594 - 1593)).
-16
What is (-11 + 0 - (-369 + 345)) + 21?
34
What is the value of (6 - (-8 + -4 + -6 + 34)) + 17?
7
19 + (19 - 34) + -23
-19
What is 22 + -10 - (7 + (6 - 13 - (15 + -29)))?
-2
Calculate -231 - -225 - (20 + -20 + 13).
-19
-61 + 95 + 5 - 109
-70
What is the value of -64 - (12 + -48) - ((10 - -7) + -6)?
-39
-2 - -33 - (3 - -21 - -1)
6
(6 + 22 - 40) + -27 - 27
-66
What is the value of (14 - (2 + -2 + 4)) + (9 - 50) + 32?
1
Evaluate 19 + (45 - (-22 + (13 - 10))).
83
What is (-37 - (94 - 110)) + 65?
44
What is 0 - -8 - (-39 + (-6 - (9 + -1)) + 4)?
57
Calculate -5 + 69 - 8 - 29 - 104.
-77
-36 - ((0 - -7) + -22) - -20
-1
What is -5 + (-25 - (18 - -53 - 1))?
-100
What is (-195 - -180) + (4 - -22) + 6?
17
Calculate -3 + (47 - -5) - (-218 + 242).
25
Calculate 2 + -12 + (-1518 - -1506).
-22
What is -11 + (2 - 1 - 11) + (347 - 337)?
-11
(-18 + 4 - -42) + 3 + 10 - 5
36
What is the value of 82 - 41 - 72 - 30?
-61
Evaluate -72 - (-31 - 21) - -18.
-2
What is 0 + -2 - (-492 + 535)?
-45
What is the value of -2 + -4 + (7 - 12 - 16)?
-27
What is -6 - (-24 + 23 + -19 + -2)?
16
What is the value of 133 - 112 - (-1 + (37 - -14))?
-29
Calculate -17 - (71 + -12 + -24 - 67).
15
What is (1005 - 967) + -1 + -49?
-12
What is the value of 122 + -111 - (55 + -3 + (4 - 3))?
-42
Evaluate 36 - (111 + (-54 - -32)).
-53
Calculate -49 + -70 + (-19 - -73).
-65
What is 18 + 9 + -64 + 17 - (-13 + 6 - 5)?
-8
Calculate -12 - (-2 + -6 - -5) - -8 - (-24 + -6).
29
-7 - (-2 + -8 + 27) - -1
-23
What is -13 - ((-26 - -24) + -9 + 2 + 8)?
-12
What is -14 + 12 - (-24 + -15 + 20 + -10)?
27
Evaluate -50 - (25 - (61 + (2 - 28))).
-40
What is 30 + 2 + (18 - (12 + -9 + 21))?
26
Calculate 5 + -43 + 34 + -42.
-46
Evaluate (-39 - -22) + 12 + 7.
2
What is (-50 + 278 - 246) + -1 + -44?
-63
What is the value of -6 - (8 + (3 - 17) + 0)?
0
What is (58 - (2 - 0)) + (-69 - 0 - -55)?
42
What is (-15 - 54) + -708 + 714?
-63
Calculate (2 - -1) + -12 + (-7 - (-27 + -17)).
28
What is the value of (18 - (-7 - -11 - -7)) + -50?
-43
14 + -7 + -54 + 25
-22
Calculate (56 - -27 - 93) + (-1 - (2 - -17)).
-30
What is the value of (6 - -18 - (-4 + 6)) + (2 - 15)?
9
What is the value of (-1 - 5 - (-14 + 8)) + -10 + (-19 - 93)?
-122
(-4 + 5 - (11 + 2)) + (-24 - -133 - 28)
69
What is 0 - 25 - (-113 + -14 + 111)?
-9
Calculate -25 + 7 - -31 - ((1 - 58) + (22 - 12)).
60
Evaluate -49 - (-34 + 13) - (-8 + 21).
-41
What is the value of 34 + (-27 - -1) - (14 - -10)?
-16
What is the value of -12 + (-21 - -18 - 19 - -93) + 2 + 7?
68
Evaluate 0 + 16 + (44 - (-45 - (-78 - -47))).
74
51 + (-40 - 31) - -26
6
Evaluate 14 + 2 + (89 - (-46 - -106)).
45
What is the value of 0 + 2 + 60 + (26 - 0) + -2?
86
Evaluate (-50 - -127) + 5 + -43.
39
Evaluate 10 + -2 + 59 + 64 + -144 - (5 - -93).
-111
Calculate 46 - 10 - 34 - 8.
-6
39 - (20 + -1 - (133 + -134))
19
What is (70 - (9 + 75)) + 2 + (-3 - 3)?
-18
Calculate (-23 - (2 + -20 + -6)) + -14.
-13
34 + (-27 - (-31 + -19))
57
Calculate (26 - (22 - 56)) + -12.
48
What is the value of (-2 - 4) + (-1 - (-7 + 15)) + (15 - 8)?
-8
What is -26 - (21 - (21 - 4) - -1)?
-31
Calculate -21 + 12 - (-94 + 101 + (-57 - -2)).
39
What is the value of -115 + 5 + 9 + (-3 - 4 - -10)?
-98
What is the value of -11 + (3 + -4 - 1) + (-1603 - -1621)?
5
What is the value of 8 + (12 + -3 - -19 - 7 - -10)?
39
What is the value of (54 - (62 + -14)) + (0 - -14)?
20
What is the value of -79 + -14 + (45 + -2 - 6)?
-56
What is -3 + -19 + -5 - (-51 + 40 + 5)?
-21
Calculate ((46 - 11) + -27 - (1 - 2) - 8) + 50.
51
What is the value of (4 - (2 - (4 - -1))) + 1 - (-988 + 920)?
76
What is (5 - (-45 + -7)) + (19 + 0 - 11)?
65
Evaluate 7 - -1 - ((23 - (15 + -8) - 5) + -37).
34
What is (0 - -6) + -24 - ((-9 - 2) + 11 - 3)?
-15
Evaluate -31 - -35 - -1 - (-31 - -5).
31
What is 15 + 0 + 1 + 2 + (758 - 766) - 49?
-39
Evaluate 7 + -40 + -320 + 335 + (-15 - 0).
-33
Calculate (-124 - (-147 - 11)) + 83.
117
Evaluate -4 + 23 - (39 + -40 - -23).
-3
What is 39 - (58 + 3 + -39 - (8 + 0))?
25
Evaluate -5053 - -5120 - (3 - -8 - (-2 + -5 + 4)).
53
22 - (193 + (-47 - 12))
-112
What is the value of 70 + -1 + (-1441 - -1363)?
-9
What is (-8 + 4 + (-3 - -2) - -2) + 55 + -94?
-42
-1 + -12 + -21 + 7 - (-9 + 2)
-20
What is the value of -1 - -1 - (-3 - -7) - (487 - 490) - -17?
16
Evaluate 16 + -3 + 3 - 11 - 85.
-80
-176 + 232 - (-8 - -4)
60
What is the value of 13 - (7 + -10 + -15 + 24 + -20)?
27
What is the value of (411 - 425) + (-1 - -3) - -14?
2
What is 20 + 124 + (-73 - -54 - 13)?
112
What is the value of 2740 + -2831 - (2 + 23)?
-116
Evaluate 28 + 15 + -37 - (0 - -72 - (5 - 9)).
-70
What is (0 + 65 - 0) + (-187 - -43 - -129) + -14?
36
What is the value of 11 + -6 + -69 + -6 + 9 - (-25 - -14)?
-50
Evaluate (-142 - -127) + 55 - (2 + 101).
-63
What is the value of -12 + 2 + 137 + -131 + -16 + (12 - 4)?
-12
Evaluate 3 + -2 + 4 - 2 - (5171 + -5191).
23
Calculate 10 - -3 - (35 - (10 + (-1 - -6))) - 94.
-101
Calculate -46 - (-234 + -124 + 233).
79
What is the value of 4 - -46 - (298 + -257)?
9
What is the value of -1 + -11 - (-1641 + 1704)?
-75
3 + -7 + (-3 + 13 - 1) + 10 + -4
11
Calculate 49 + -29 + -7 + -11 + 17.
19
-40 + -36 + 34 + 16 + (-1 - 4 - -1)
-30
What is -34 - (180 + 22 + -149)?
-87
(19 - (-80 + 21 + -7)) + -3 + 19
101
(20 - 19) + 6 + (70 - (5 + -7)) + -7
72
Calculate 13 - 21 - (34 + (-33 - -39)).
-48
Evaluate -91 + (-109 - -61 - -201).
62
-13 + 0 + 66 + -40
13
What is the value of 15 + (1 + -16 - 24 - -18) - -2?
-4
Calculate (-1 - -2) + -14 - ((105 - 37) + -146).
65
Calculate -5 + -5 + -3 + 12 + -11 + -20 - 11.
-43
Evaluate 10 - -32 - (92 + -57).
7
Calculate (3 - 0) + 3 + (-2 - 95) + (-111 - -139).
-63
What is (-10 - -17 - (-25 + 27)) + -10 + 1?
-4
What is (-2 - (12 + 1)) + (-62 + 102 - (162 + 12))?
-149
What is -5 - (-17 + (7 - (1 + 5)) + 7) - 95?
-91
What is the value of (-26 - -30) + (3 - 4) + -4 + -6 + 14?
7
(-88 + 52 - (-22 - -4)) + (4 - 8)
-22
What is the value of 9 + -6 + (-22 - (-11 + 13 - 11))?
-10
(7 + 4 - (-4 - (-25 + 12 - 74))) + 7
-65
Calculate -8 - -28 - (-14 - (-1 - 6) - -5).
22
What is the value of -54 + -3 + (418 - 398)?
-37
What is the value of 157 + -113 + (2 - 0)?
46
Calculate -33 + (13 - -20) + 0 - 156.
-156
What is 65 + (-90 - -34) - (0 + -37)?
46
What is the value of -25 + 26 + 19 + -20 - 100?
-100
Calculate (-91 - -50) + (30 - 17).
-28
(-17 - (-33 - 5)) + (-8 - 5)
8
What is 9 + (-22 - (-3 + -4)) + (-45 - -4)?
-47
Evaluate -1 + -6 - (45 - (-26 + 23)) - 2.
-57
Evaluate -21 + 4 + 0 + (-4 - (3 - 5)) + -3.
-22
Evaluate 52 - -1 - 8 - (9 + -11 + 9 + -11).
49
What is 313 + -347 - (-5 - (16 - 14))?
-27
(2 - 20) + -7 + 14 + -23
-34
Calculate -151 + 148 + -1 + -11 - (114 + (-7 - -8)).
-130
-7 - 6 - (0 - 10 - 8) - -7
12
Evaluate 46 + -59 + (30 - 14).
3
Evaluate -73 + (27 - -24) - (1 - 65).
42
What is (21 + -8 - 12) + 20 + -67?
-46
Calculate (21 - (1 + -5)) + -33 - (-1 - 1).
-6
(19 - (-12 - -17)) + 9 + (-8 - -5) + -92
-72
Calculate 0 + 56 - (36 + -54 + 24) - 5.
45
What is -4 + 19 + 55 + -49?
21
-2 + -74 - (11 + (-21 - (-2 + (2 - 4))))
-70
What is -20 - (28 + -97 - -41)?
8
What is the value of -1 - -26 - (-2 + 4) - (-11 + -114 + 137)?
11
What is 1999 + -1984 - ((-1 - -1) + 2)?
13
Evaluate -53 + 46 + 43 - 61.
-25
Calculate (215 - 15) + -238 + -1 + -28.
-67
Calculate (-407 - -298) + -5 + 37 + 5.
-72
Evaluate 75 + -18 + 25 - (23 - 25).
84
(3 - (-2 - 3)) + 0 - (57 - 6)
-43
What is -50 - (40 - 37 - 0)?
-53
Evaluate 6 + 2 - ((-16 - -23 - (14 + -5)) + -8).
18
Calculate (-1 - 45) + (-184 - -206 - (-3 + 30)).
-51
What is -4 - (36 - 33) - (33 - (-3 + 0) - 4)?
-39
What is 3 + 34 + -99 + (-2